-7400 - -7275. Let o = a + u. What are the prime factors of o?
2, 47
Let z(a) = -6340*a**3 + 2*a**2 + 3*a - 1. List the prime factors of z(-1).
2, 3169
Suppose -24*a - 81849 = -516201. What are the prime factors of a?
2, 9049
Suppose 2*l = 4*p + 21156 + 12432, 0 = 4*l - 5*p - 67182. What are the prime factors of l?
2, 37, 227
Let j(k) = -15*k - 3*k - 6*k - 3*k - 16 - 3. What are the prime factors of j(-22)?
5, 23
Let l = -49 + 61. Suppose 2385 = l*j - 11655. List the prime factors of j.
2, 3, 5, 13
Let p(c) = -2*c**3 - 15*c**2 + c + 1. Let z be p(-8). Let y = z + -99. Let u = y - -70. What are the prime factors of u?
2, 7
Let y = 187 - 172. Suppose -6*z + y = -303. List the prime factors of z.
53
Suppose 11*i - 12*i = -3*k - 1188, -4*k - 2*i - 1584 = 0. Let a = 1125 + k. List the prime factors of a.
3
Let d = 8222 + -1806. What are the prime factors of d?
2, 401
Suppose 0 = 4*v - 4*g + 16, -v = 3*v - 3*g + 20. Let d(m) = m**2 + 8*m + 5. Let o be d(v). Suppose 0 = o*q + 276 - 746. What are the prime factors of q?
2, 47
Let n = -16651 + 19142. What are the prime factors of n?
47, 53
Suppose -3*n = -4*v, -5*v = 4*n - 4*v. Suppose 10*s - 11*s + 4 = n. Suppose 3*z = i - z - 21, 0 = -5*i - s*z + 153. What are the prime factors of i?
29
Let r be 2/4*100/25. List the prime factors of 5 + (-58)/(r/62*-2).
2, 113
Suppose 0 = 19*t + 3 + 41 - 6. Let d be (-101)/(1 - (-1)/(-2)). What are the prime factors of t/((-8)/d)*(-2 + 0)?
101
Let i(l) = -l**3 - 4*l**2 + 19*l. Let g be i(4). Suppose -4*r + 403 = -4*m - r, 404 = -4*m + 4*r. Let a = g - m. List the prime factors of a.
2, 3
Let g(t) = 145*t**2 - 35*t - 342. List the prime factors of g(-8).
2, 11, 419
Let n(y) = -y**3 + 22*y**2 - 23*y - 8. Let s be n(20). Suppose -s*g + 329*g = -2940. What are the prime factors of g?
2, 5, 7
Let i(u) = -260*u - 1420. List the prime factors of i(-27).
2, 5, 7
Suppose 0 = 2*t - 33*o + 30*o - 59321, 5*t - 148289 = -6*o. What are the prime factors of t?
7, 19, 223
Let g(s) = -s**3 + 16*s**2 + 16*s + 20. Let v be g(17). Let d(y) = v*y + 6*y + 5*y - 10*y + 3*y**2. What are the prime factors of d(4)?
2
Suppose -1068*f = -1067*f - 3062. What are the prime factors of f?
2, 1531
What are the prime factors of 61/((6/151)/6)?
61, 151
What are the prime factors of 4/(((-216)/36306)/(-3))?
2017
Let s(j) be the third derivative of -j**2 + 0*j - 11/2*j**4 - 1/2*j**3 + 0. List the prime factors of s(-1).
3, 43
Suppose 4846 = 4*u + 8*s - 5*s, 2*u - 5*s = 2384. List the prime factors of u.
17, 71
Let t = 243 - 797. Let l be t/(-18) + 12/54. Suppose 3*a - 56 = l. List the prime factors of a.
29
Let u be -1*(60/(-27) + 2/9). Suppose 0 = -3*j + 2*y + 4, 4 + 12 = u*j - 4*y. What are the prime factors of 6 - j*(4 + -3)/2?
7
Suppose 0 = -5*q - 2*b + 278, 4*q + 5*b = 143 + 76. List the prime factors of -3 - (-20368)/q - (-2)/7.
19
List the prime factors of 2 - (-53835 - -3) - (90 + -101).
5, 11, 89
Let n(x) = 2*x**3 + 7*x**2 + 9*x - 28. Suppose -6*m + 95 = 53. List the prime factors of n(m).
2, 7, 19
Let n be 21/7*-1 + 2455. Suppose 51*v + n = 55*v. List the prime factors of v.
613
Let d be ((-5)/10*4)/1. Let s(r) = -49*r**3 - 2*r**2 - 5*r - 4. List the prime factors of s(d).
2, 3, 5, 13
Let x be (-6)/(-3 + -27)*5. What are the prime factors of (0/(-26))/(1 + x) - -786?
2, 3, 131
Suppose 25 - 41 = -8*a. List the prime factors of a/9 + 17685/243.
73
Let x be ((-80)/6)/((-5)/180). Let g = 852 - x. Let p = g + -204. List the prime factors of p.
2, 3, 7
Let q(m) = m**2 + 1. Let f be q(-1). Let y = 44 + f. Let t = y - -29. What are the prime factors of t?
3, 5
Suppose 13945 + 434 = 3*z. What are the prime factors of z?
4793
Let y be (-6)/36 - 14/(-12). Let g(l) = 1 + 123*l**2 - 9 + 51*l**2 + l**2 + 9*l - l. List the prime factors of g(y).
5, 7
Suppose -11*l = -0*l - 110. Suppose -l*i = -72 - 3938. List the prime factors of i.
401
Let c(m) = -m**3 + 10*m**2 - m + 14. Let l be c(10). Let x = l - 4. Suppose -2*s + 124 + 50 = x. What are the prime factors of s?
3, 29
Let x(k) = -11*k + 4 - 50*k + 4 - 13*k. What are the prime factors of x(-8)?
2, 3, 5
Suppose 291 = -2*f - 153. Let z = 254 + f. List the prime factors of z.
2
Suppose -4*q = -4*t + 111340, q = -8*t + 11*t - 83493. What are the prime factors of t?
17, 1637
Let r(a) = a**3 + 32*a**2 + 28*a - 43. Let o be r(-31). Suppose o*s = 45*s + 280. List the prime factors of s.
2, 7
Let l(t) = 21*t + 8. Let y be l(-4). Let g(c) = -2*c**3 - 4*c**2 - 3*c - 5. Let o be g(-4). Let q = o - y. What are the prime factors of q?
3, 7
Let n be 125/(-20) + (-15)/(-12) + 1460. Suppose 0 = -w - 580 + n. What are the prime factors of w?
5, 7
Let v = 10 + 1. Let q = v + -11. Suppose -5*i - 5*o + 163 = -87, q = 5*i + o - 250. List the prime factors of i.
2, 5
Let b(f) = 12*f**2 + 24*f + 9. Let q be b(-5). Let u = 479 - q. What are the prime factors of u?
2, 5, 29
Let s(m) = 4*m + 18. Let j be s(-40). List the prime factors of 2 + 2/2 - (j - 653).
2, 3, 7, 19
Suppose -5*y - x = 1269, -5*y - 5*x + 0*x = 1265. Let c be y/(-8)*(3 - -5). Suppose -12*v + c = -142. What are the prime factors of v?
3, 11
Suppose -17*w + 21*w - 48 = 0. Suppose -9*j = -6*j - w. Suppose 4*i - 1040 = -j*l, 417 - 1710 = -5*l + 2*i. List the prime factors of l.
7, 37
Suppose -4*w = -5*l + 390, -128 = -2*l - 3*w - w. Let y = 64 - -6. Suppose -2*g + y = -l. List the prime factors of g.
2, 3
Suppose 3*n = -24 + 36. Suppose l = 1, -l = -n*d + 14 + 141. What are the prime factors of d?
3, 13
Suppose -761*k = -789*k + 1090236. What are the prime factors of k?
3, 12979
Suppose 52990 + 27272 = 6*g. List the prime factors of g.
3, 7, 13
Let f = -9985 - -19286. List the prime factors of f.
71, 131
Suppose 0 = 19*r + 16*r - 23*r - 69324. List the prime factors of r.
53, 109
List the prime factors of (-9 + (-236950)/(-190))*58 - 4/38.
2, 5, 43, 167
Suppose 5*u + 7 = 2. Let g be 1/(u*(12/(-212))/(-3)). List the prime factors of -2 + (-1 - -3) - g/1.
53
Let n(v) = v**3 - 20*v**2 + 20*v - 19. Let c be n(19). Suppose c*y - 91 = -y. Suppose 4*j - y = 89. List the prime factors of j.
3, 5
Let b = 4329 + 9696. List the prime factors of b.
3, 5, 11, 17
Suppose 0*w = 4*w - 2*h + 12, 3*h + 12 = 0. Let k be 1/w - (-1880)/(-100). Let d = k - -76. List the prime factors of d.
3, 19
Let d = 3334 + -2525. List the prime factors of d.
809
List the prime factors of (-224908)/(-14) - (-12)/84.
3, 5, 7, 17
Let w(q) = -5*q - 8. Suppose 5*h = c + 2*h - 16, -4*c + 37 = -3*h. Let k(v) = -2*v**2 + 13*v - 12. Let a be k(c). What are the prime factors of w(a)?
3, 29
Suppose -106525 = -3*a + 5*q, 16833 + 18708 = a + 3*q. What are the prime factors of a?
2, 3, 5, 37
Suppose 0 = 3*n + 9, t = 4*n + 1001 + 352. List the prime factors of t.
3, 149
Suppose -16 = -d - d + 3*i, 2*i + 6 = -d. Let j(m) be the second derivative of 4*m**3 + 3*m**2 + 48*m. What are the prime factors of j(d)?
2, 3
Let n(t) = 2. Let g(k) = -33*k - 7. Let l(u) = g(u) - 3*n(u). List the prime factors of l(-6).
5, 37
Let x = -48 + 48. Let y be (-1 + x)*(-1727)/(-11). Let h = y + 244. List the prime factors of h.
3, 29
Suppose -17 + 2 = -3*w, 0 = 5*l - w + 6165. List the prime factors of 3*-1*(11 + l/3).
11, 109
Let h(p) = -13*p + 108. Let c be (35/15 - 5)*9. What are the prime factors of h(c)?
2, 3, 5, 7
Let n(o) = -409*o**3 + 4*o**2 - 4*o - 9. What are the prime factors of n(-3)?
2, 3, 1847
Suppose r - 3018 = -5*j, 3*r - 5467 = -j + 3657. Suppose 4*g = 2*h + 2620, -3*h + 221 = 5*g - r. List the prime factors of g.
2, 3, 109
Suppose 2 = f + 4*g, -3*g = -4*g. Let a(k) = 218*k**2 - 5*k + 1. What are the prime factors of a(f)?
863
Let j(n) = 14*n**2 - 21*n + 7. Suppose -22 = -17*i + 63. What are the prime factors of j(i)?
2, 3, 7
Let z(k) = -k**2 + 19*k - 13. Let b be z(18). Suppose -3*p + y = -110, b*p - 90 - 88 = 3*y. Suppose p = -2*s + 156. List the prime factors of s.
59
Let q = -3691 - -20644. List the prime factors of q.
3, 5651
Let s be (-182)/(-4)*(-1 - 3 - -10). Let q = -158 + s. List the prime factors of q.
5, 23
Suppose 0 - 3 = -3*l. Suppose 14 + l = 3*s. Suppose 0 = -4*r - 8, -s*a + 5*r = -8*a + 356. List the prime factors of a.
2, 61
Let p be 1 + 4/(16/(-124)). Let s be (39/(-5))/((6/3)/p). Let i = s + 28. What are the prime factors of i?
5, 29
Let n(s) = s**3